4).
3
Suppose 3*m - 1334 = 8*m + s, 4*m + 1056 = 2*s. Let i = 901 + m. List the prime factors of i.
5, 127
Let a(h) = -24*h + 638. Let p = -312 - -312. List the prime factors of a(p).
2, 11, 29
Suppose -6*n + 16*n - 2040 = 0. Let p = n + -197. List the prime factors of p.
7
Let u(g) = -g**2 + 2*g + 641. Let i = 300 + -300. What are the prime factors of u(i)?
641
Suppose -y = -3*q + 20, 6*y - 11*y - 5 = 4*q. Let v(l) = 26*l**2 + 35*l - 157. What are the prime factors of v(q)?
2, 167
Let m(t) = 5*t**2 + 3*t - 11. Let h be 2/(-8) - (-182)/56. Let l be h - 1 - -4*(6 + -5). What are the prime factors of m(l)?
11, 17
Let l(s) = 12*s + 31. Suppose a - 4*a = -21. Let x be l(a). Suppose 4*t - 319 = -3*c, 2*t = -c + 5*t + x. List the prime factors of c.
109
Suppose 0 = 5*y - f - 65560, -3*y + 17313 = 4*f - 22046. What are the prime factors of y?
3, 31, 47
Let u(z) = z - 19. Let o be u(21). Suppose -o*i + 2 = -4*m - i, -3 = -m + 2*i. Let l(v) = -142*v**3 + v**2 + 2*v + 1. List the prime factors of l(m).
2, 71
Let u(w) = -14*w**2 - 51*w + 65. Let h(s) = 24*s**2 + 103*s - 131. Let b(g) = 3*h(g) + 5*u(g). List the prime factors of b(-36).
2, 5, 29
Let t = -462 + 537. Suppose -114 = -o + 301. Suppose -t = 2*n - o. List the prime factors of n.
2, 5, 17
Let p(v) = -2*v**3 - 8*v**2 - 7. Let a = 43 + -49. Let x be p(a). Suppose -5*i + x = -3*s, -4*s - 61 = -5*i + 80. List the prime factors of i.
5
Let o be ((-280)/24 + 10)*6/(-10). What are the prime factors of (o/(-2))/(34238/(-3804) + 9)?
3, 317
Let u(s) = s + 6 + 6 - s**2 + 2*s. Let k be u(-6). Let r = k - -167. List the prime factors of r.
5
Let s(f) = -5*f + 124. Let c be s(-24). What are the prime factors of (-6 - -3)/((-4)/c)?
3, 61
Suppose -819 - 1176 = -5*k. Let o be -281 + (-5 - -12) + -5. Let f = k + o. List the prime factors of f.
2, 3, 5
Let z = 42 - 70. Let u be (-2)/(-8) + ((-105)/z - 4). List the prime factors of (144 - -5)*1 - (u - 0).
149
Let u(w) = -18*w + 70. Let x be u(7). Let q = x - -224. List the prime factors of q.
2, 3, 7
Let j(l) = l**3 - 4*l**2 + 3*l + 3. Let r = -39 + 42. Let q be j(r). Suppose q*k - 29 = 2*k. List the prime factors of k.
29
What are the prime factors of 11 - (21 - -1229)*-30?
37511
Let h(d) = 59 + 70 + 354*d - 170 - 125*d. List the prime factors of h(3).
2, 17, 19
Suppose 3*c - 3033 = 5*w, -5*w - 3026 = 5*c - c. Let a = 1093 + w. List the prime factors of a.
487
Suppose -3*h - 18 = -4*h. Suppose h*z = 22*z. Suppose -7*w + 85 + 370 = z. List the prime factors of w.
5, 13
Suppose -84*i = 7*i - 21*i - 3153430. What are the prime factors of i?
19, 2371
Let t = -49 + 53. Suppose 5*b - 55 = -t*d, 0 = -0*b + 3*b + 3. List the prime factors of d.
3, 5
Let u(x) = -84*x + 1086. Let q be u(13). Let s(o) = 6*o + 5 + 3*o + 8*o**2 - 1. List the prime factors of s(q).
2, 7, 17
What are the prime factors of (-5)/(-3)*-3*(-54698)/35?
2, 3907
Suppose 10*q = -3134 + 21754. Suppose 4*p - 4776 = -5*m, 2*m + 6610 = 4*p + q. What are the prime factors of p?
29, 41
Let s = -231 - -219. What are the prime factors of 444*(16/s)/(1*-4)?
2, 37
Let l(o) = 23*o**2 + 48*o + 33. List the prime factors of l(13).
2, 71
Let r(g) = -26*g**3 + 2*g**2 - 2*g - 16. Let d be r(-3). Let v = d - 618. List the prime factors of v.
2, 23
Suppose -11 - 14 = -5*l. Suppose l*v - 4*v - 25 = -3*a, 0 = 3*a - v - 23. Let k = a - -31. What are the prime factors of k?
3, 13
Suppose 3*t + 5*z = 923, -622 = -2*t - 0*z - 5*z. Suppose 6*m + t = -143. Let x = m + 123. List the prime factors of x.
7
Let l(b) = -b**3 - 20*b**2 + 17*b + 31. Let n(v) = v**3 + v**2 - v - 6. Let m be n(-3). List the prime factors of l(m).
5, 23
Let r be (-4 + 9 + -6)/((-2)/6). Let q be 255*(2*-1 - (r + -6)). List the prime factors of ((-9618)/q - (-2)/17)*-5.
2, 47
Let q(l) = -l**2 + 10*l + 11. Let s be 582/30 + (-6)/(-10). Suppose 0 = 5*k - s - 5. List the prime factors of q(k).
2, 3
Let p = -21 - 5. Let j be ((-1)/(-5))/((-8 + 10)/410). Let x = p + j. What are the prime factors of x?
3, 5
Let l(o) = -o**3 - 54*o**2 + 261*o + 54. List the prime factors of l(-60).
2, 3, 37
Suppose -71*u + 85776 = -67*u - 4*s, 64338 = 3*u - s. What are the prime factors of u?
3, 2383
Let k be 5 + 41 - (-4 - 0). Let v be ((-20)/(-8) + 3)*k. Suppose 3*r - v = -2*r. List the prime factors of r.
5, 11
Suppose -9 = 3*z + 4*k - k, 0 = 2*z - 3*k - 19. Suppose z*v = -4*t + 340, -10*t - 3*v = -8*t - 166. List the prime factors of t.
2, 43
Let v = -5486 - -5501. Let p be 4/(-10) + (-1224)/(-10). Let k = p - v. What are the prime factors of k?
107
What are the prime factors of (-268)/603*130770/(-4)?
2, 5, 1453
Suppose -h = 4, -2*h - 14177 = -0*v - 3*v. What are the prime factors of v?
4723
Let d = 2441 - 515. Let m = 3602 - d. List the prime factors of m.
2, 419
Let x(a) = a**3 + 39*a**2 - 271*a + 101. List the prime factors of x(-23).
2, 7, 151
Let w = 24 - 21. Suppose 3*b - 3*j = -0*j + 1263, -4*b - w*j = -1719. What are the prime factors of b?
2, 3, 71
What are the prime factors of 49*(-9)/(-63)*(-4 + 6635)?
7, 19, 349
Suppose -61*y - 31620 = -81*y. What are the prime factors of y?
3, 17, 31
Let y be (-5*1)/((-36)/252). Suppose -8*d + 27219 = y*d. List the prime factors of d.
3, 211
Let q = -7414 - -14991. List the prime factors of q.
7577
Let u = -98 + 90. What are the prime factors of 4*((-140)/u - 5)?
2, 5
Let f = -25576 - -88804. What are the prime factors of f?
2, 3, 11, 479
Let l(m) = 17*m**2 - 31*m - 325. List the prime factors of l(-11).
3, 691
Let a(u) = 13*u + 108. Let t be a(-11). Let h(j) = -j**3 - 34*j**2 + 26*j + 70. List the prime factors of h(t).
5, 7, 11
Let x = 15003 - 4668. What are the prime factors of x?
3, 5, 13, 53
Suppose 0 = 4*y - 5*m - 46, -28*y - 49 = -33*y + 2*m. Let i(r) = -r**2 + 17*r + 5. What are the prime factors of i(y)?
7, 11
Suppose 13*v - 11*v = 4. Let c be 595/187 + 5/((-55)/v). Suppose -j - c*s + 6 = -101, -373 = -4*j - s. What are the prime factors of j?
2, 23
Suppose 0*g - 3*g = -15. Suppose 0*m = 5*m + 4*k + g, -m - 2*k - 1 = 0. List the prime factors of 62*(3 + -2) + (-4 - m).
59
Suppose 5*d - 268 = -98. Let f be d + (1 - (5 - 1)). Suppose 5*y - f = 339. What are the prime factors of y?
2, 37
Let c(m) = 81*m**2 - 6*m + 6. Suppose -4*a - 8*s + 5*s = -27, -a = -3*s + 12. What are the prime factors of c(a)?
3, 239
Suppose 2*m = -5*t - 6, 23*t + 2*m = 19*t - 6. Suppose -5*f - 7*f + 11124 = t. What are the prime factors of f?
3, 103
Suppose -98*n + 120*n - 706574 = 0. What are the prime factors of n?
32117
Suppose -32 = -35*j - 872. What are the prime factors of ((-95)/20 - -4) + (-19770)/j?
823
Suppose 5*u - 20*u + 4005 = 0. Suppose 738 = 3*q + u. What are the prime factors of q?
157
Suppose 2933 = b - 3*p, 0 = -41*b + 37*b + 2*p + 11702. List the prime factors of b.
2, 17, 43
Suppose -18*q + 14*q = -36. Suppose 0 = -0*z + q*z - 1053. Let l = -38 + z. What are the prime factors of l?
79
Suppose u = -4*p - 713 + 4337, 3*p = 4*u + 2737. What are the prime factors of p?
907
Suppose 0 = 3*h - 9, -2*u = -5*h + 5 + 20. What are the prime factors of (-4362)/u + (-180)/450?
2, 109
Let n = 212 + -102. Let u = -62 + n. What are the prime factors of 0 - -83 - (u/8 + -10)?
3, 29
Suppose -42*a + 135501 = -138591. What are the prime factors of a?
2, 13, 251
Suppose -5*l + 79465 = 5*n, 63563 = -82*l + 86*l - 5*n. List the prime factors of l.
2, 29, 137
Let u(c) = 77*c + 17. Let s be u(7). Let y = s - 225. List the prime factors of y.
331
Let i(o) be the first derivative of -53*o - 8 - 19/2*o**2 - 1/3*o**3. List the prime factors of i(-8).
5, 7
Let h be 54/(-12)*(-12)/27. Suppose 610 = 5*p - 5*o, 5*p - o - 592 = -h*o. Let f = p + -63. List the prime factors of f.
2, 7
Let i = 7465 + 98. List the prime factors of i.
3, 2521
Let g(l) = l**3 + 48*l**2 - 46*l - 69. What are the prime factors of g(-46)?
3, 7, 13, 23
Let i(u) be the second derivative of u**4/4 - 25*u**3/2 - 3*u**2/2 - 27*u. What are the prime factors of i(26)?
3, 5
Suppose -24*t + 321 = -471. List the prime factors of 12/9 + 26257/t.
797
Let y = 278 + 1832. What are the prime factors of y?
2, 5, 211
Suppose -4*a + 2660 = -0*a. List the prime factors of 20/(-2)*(3 - a/25).
2, 59
Let b(m) = 50*m**2 + 9*m - 108. List the prime factors of b(-5).
1097
Let b be (-3 + -1404)/(-1) + (-12)/(-